(u) = -3*g(u) - 2*o(u). Is 9 a factor of d(11)?
False
Let x(a) = -102*a - 576. Is 91 a factor of x(-11)?
True
Let w(l) = -l**3 + 9*l**2 - 6*l - 17. Let j be w(8). Is 14 a factor of (9/(-6))/(j/36)?
False
Does 8 divide (4*3)/3 + (-1320)/(-20)?
False
Let l be (-2 - 1)/(18/(-408)). Suppose -5*z + z = -l. Is 17 a factor of z?
True
Let u(c) = 2*c - 40 + 5*c + 4*c + 11. Is u(13) a multiple of 19?
True
Let y(u) = u**2 + 20. Suppose 4*m - 5*l + 2*l = -9, -2*m = 4*l - 12. Does 3 divide y(m)?
False
Let c(o) = 75*o + 51. Is c(12) a multiple of 52?
False
Suppose 0 = -a + 4*a - 2*w - 14, 2*w + 12 = 2*a. Let j(k) = 4*k**3 - 2*k**2 + 2. Does 26 divide j(a)?
True
Let c = 20 + -24. Is 20/c + (-72)/(-1) a multiple of 13?
False
Let j be 409 + 4*2/(-4). Suppose 8*d + 3*d = j. Is d a multiple of 6?
False
Suppose 0 = -y + 5*i + 2, 3*y + 2*i = 7*i - 4. Let s = -1 - y. Is s a multiple of 2?
True
Does 55 divide (-110)/(4 + (-152)/36)?
True
Let x = 24 - 8. Suppose 0 = -3*q - x + 115. Is q a multiple of 4?
False
Let j(w) = 8*w**2 - 17*w + 14. Let o be j(-12). Suppose -13*t = 317 - o. Is t a multiple of 28?
False
Let v = -409 + 659. Does 12 divide v?
False
Let f(n) = 21*n**3 + 8*n**2 - 31*n - 8. Is 20 a factor of f(4)?
True
Let z = -104 + 107. Let d be (19 - (2 + -5))*2. Suppose -53 = -a + 5*b, -a = b + z*b - d. Does 12 divide a?
True
Suppose -5*g + 14*k = 11*k - 2030, 20 = -4*k. Is g a multiple of 31?
True
Let r = 88 + -86. Suppose k - 3*k + 2*c = -94, r*c = -2*k + 90. Is k a multiple of 4?
False
Suppose 91 = j + 4*v, 4*j + v = 2*v + 279. Suppose 0*l + 3*l + j = u, -5*l - 4*u - 90 = 0. Is 18 a factor of (-14)/(-77) + (-788)/l?
True
Suppose -n + 84 = 76. Is 5 a factor of 6/(-24) - (-242)/n?
True
Is 32 a factor of (18/10)/(21*14/206780)?
False
Let i(r) = 236*r + 38. Is 101 a factor of i(4)?
False
Let r(v) = 10*v**3 - 11*v. Does 16 divide r(5)?
False
Let f(m) = -m + 17. Let p be f(13). Suppose 2*d = p*n + 502, 5*d - 504 = 3*d + 5*n. Is 50 a factor of d?
False
Let i(g) be the third derivative of -g**5/60 + 11*g**4/24 - g**3 + 10*g**2. Is i(5) a multiple of 10?
False
Suppose -i - c + 10 = 0, -4*i = -2*c + 5*c - 37. Suppose 0 = -5*x + 2*f + 215, 3*x + 175 = i*x - f. Is x a multiple of 14?
False
Let v be (-10)/15 - 2*22/(-12). Suppose 309 = v*y - 258. Is 21 a factor of y?
True
Suppose -5 - 1 = 6*t. Let q be -3*((-236)/12 + t). Suppose -450 - q = -8*l. Does 12 divide l?
False
Suppose 4*o = 5*m - 25 + 155, 3*m + 61 = -o. Does 14 divide m*(-3)/(-9)*-3?
False
Let b(g) = 4*g**3 - 3*g**2 + 7*g - 5. Let h be b(3). Suppose -h + 346 = a. Is a a multiple of 10?
False
Suppose 0 = -3*t + 192 - 198. Let p = t + 21. Is p a multiple of 16?
False
Is (-6)/18*6 + 1465 - 7 a multiple of 56?
True
Does 18 divide 14/(-7) - (3 - -243)*-1?
False
Let a = 17 - 9. Suppose 0 = 9*o - a*o - 29. Is o a multiple of 29?
True
Suppose -4*y = 20, 5*s - 13 = 4*y + 7. Suppose 8 - 304 = -5*l - g, -5*l - 4*g + 284 = s. Is 20 a factor of l?
True
Let r(j) = j + 16. Let o be r(-10). Let x(l) = 82*l - 4. Let s(p) = 41*p - 2. Let b(n) = o*x(n) - 11*s(n). Does 13 divide b(1)?
True
Suppose y - 5 = 0, 0*v = -4*v - 3*y + 47. Let f = v + -5. Suppose -2*q = f*n - 19, -4*n + 18 = -5*q + 4*q. Is 2 a factor of q?
True
Let a(z) = -8*z - 27. Let n = -36 + 21. Does 31 divide a(n)?
True
Let q be 0 + -4 + (4 - -3). Suppose 156 = 6*y - q*y. Is y a multiple of 26?
True
Suppose -92 = -6*r + 58. Let o = r - 8. Is 6 a factor of o?
False
Let d = -14 - -197. Does 40 divide d?
False
Let t(g) = -397 + 7*g + 398 + 5*g**2 - 2*g**2 - g**3. Is t(4) a multiple of 2?
False
Let c = 858 + -621. Is c a multiple of 89?
False
Suppose -3*s - 1438 - 230 = -4*k, -2*k = 5*s - 808. Does 9 divide k?
True
Let m = -3 + 3. Suppose 2*g = 18 - m. Is g even?
False
Let r = -46 + 49. Suppose r*m + 18 = 96. Is m a multiple of 6?
False
Let v be (228/(-9))/(6/(-36)). Suppose -4*r + v = 2*g + 2*g, 3*r - g - 94 = 0. Is r a multiple of 23?
False
Let f = -6309 - -9048. Is 21 a factor of f?
False
Suppose -2 = -3*t + 4. Let v(r) = 1 - 3*r**2 + 4*r**t + 7*r**2. Is 2 a factor of v(1)?
False
Let z(o) = -2*o**2 - 19*o + 12. Is 7 a factor of z(-9)?
True
Let t(c) = c**3 + 17. Let m be t(0). Let d = 36 - m. Is d a multiple of 5?
False
Suppose -2*i - 2*d = -602, -2*d = 3*d - 5. Does 10 divide i?
True
Is 20*((-756)/(-45) + -2) a multiple of 4?
True
Suppose 25 = 6*s - 23. Let i(v) = v**3 - 7*v**2 - 6*v + 8. Does 18 divide i(s)?
False
Suppose 0*t - 4*r + 69 = -3*t, 0 = -5*t + 3*r - 115. Is 4 a factor of (1*t*2)/(-2)?
False
Suppose 4831 = 20*u + 1511. Does 3 divide u?
False
Suppose 167 = b + 4*z, 3*z - 327 = -2*b + 2*z. Is b a multiple of 15?
False
Suppose -41*r + 15*r = -30030. Does 21 divide r?
True
Suppose g = s - 3*g - 9, -s + 5 = -2*g. Is 22 a factor of (35 - 2)*(1 + s)?
True
Let g = 79 - 74. Suppose k - 78 = -g*k. Does 13 divide k?
True
Let a(g) = -3*g - 4. Let n be a(-6). Let b(u) be the third derivative of u**5/60 - u**4/2 - 2*u**3 + 15*u**2. Is 8 a factor of b(n)?
True
Suppose 2285 = 15*f - 5530. Does 7 divide f?
False
Let z(r) = 2*r**2 + 24 - 31*r + 93*r - 4*r**2. Is 6 a factor of z(30)?
True
Suppose -17 + 5 = -3*v. Suppose v*y = 3*c + 878, 3*c = -4*y + 2*y + 448. Let f = y - 151. Is f a multiple of 18?
False
Let d(j) = -39*j**3 - 3*j**2 + 11*j + 3. Let i(h) = -13*h**3 - h**2 + 4*h + 1. Let n(y) = -4*d(y) + 11*i(y). Is n(1) a multiple of 3?
False
Let v = -545 + 810. Let j = v - 189. Does 17 divide j?
False
Let h(v) = -3*v**2 - 35*v - 6. Let n(b) = -b**2 - 12*b - 2. Let w(a) = 3*h(a) - 8*n(a). Let q be w(-6). Suppose 0 = -2*x + q + 46. Is x a multiple of 9?
False
Suppose 0 = -3*v - y - 16, 3*v + 2*y + 36 = 5*y. Suppose 4*z + 20 = 2*t, -t - 4*z = -0 + 8. Is t*v/(28/(-8)) a multiple of 8?
True
Let q(y) = y**3 - 5*y**2 + 9*y + 6. Does 12 divide q(6)?
True
Let s = -214 - -334. Is 24 a factor of s?
True
Suppose -4*w + 3 = 11. Is 5962/110 - w/(-10) a multiple of 12?
False
Let o(h) = h**3 + 6*h**2 + 10*h + 29. Is 2 a factor of o(-4)?
False
Let h(v) = 214*v**3 + v - 2. Let i(w) = -643*w**3 + w**2 - 4*w + 7. Let a(z) = 7*h(z) + 2*i(z). Does 41 divide a(1)?
False
Let s = -19 + 21. Does 19 divide s - -1 - -87 - -4?
False
Suppose 4*h - 2*q = -6*q + 5460, 2*h = -q + 2730. Does 39 divide h?
True
Suppose -13 = -g - 10. Suppose 177 = 3*z - g*r, 2*z + z + 2*r - 182 = 0. Does 15 divide z?
True
Let d(l) = 2*l**3 + 4*l**2 + 23*l - 80. Does 5 divide d(5)?
True
Suppose 3*g - 2*g - 2*m = 134, 0 = 4*g - m - 529. Suppose 0 = 8*a - 5*a - g. Let t = a + -4. Is 10 a factor of t?
True
Let j(h) = 11*h**2 - h - 4. Let k be j(2). Let v = -31 + k. Is v a multiple of 6?
False
Let i = 3689 + -2339. Is 30 a factor of i?
True
Let q = -25 + 30. Suppose -3*g + 3*b = -q*g + 126, 3*g - 5*b - 189 = 0. Does 12 divide g?
False
Suppose 780 = z - 246. Is 9 a factor of z?
True
Let o = 406 + 98. Does 36 divide o?
True
Let h(c) = -644*c - 819. Does 15 divide h(-6)?
True
Suppose 0*i + 24 = -i + 3*r, -4*i + r = 63. Is 2 a factor of ((-36)/i)/(2/5)?
True
Let m(v) = -v + 66. Let o be m(12). Suppose 4*y - 2*y = -44. Let q = y + o. Does 16 divide q?
True
Let h be (1 - -1)/(7/2 + -4). Is h + (-157)/3*-3 a multiple of 17?
True
Let s(b) = 3*b**2 - 47*b + 204. Is 11 a factor of s(5)?
True
Let l be -2 + 1 - 1/(-1). Let o be (1 + 0)*(l - 2). Is 4 - (o + -16)/2 a multiple of 13?
True
Let n(q) = 190*q**2 + q - 1. Is n(-1) a multiple of 11?
False
Let g(t) = -43*t**2 + 5*t + t**3 + 38*t**2 - 2*t**3 - 1. Is g(-7) a multiple of 14?
False
Let m = -405 + 1073. Is m a multiple of 46?
False
Let i(k) = -k**3 - 6*k**2 - 4*k + 7. Let n be i(-5). Suppose c = u - c - 21, -n*c = 2. Suppose -5*g + 264 - u = 0. Does 17 divide g?
False
Let d = -239 + 358. Suppose -k + 395 = d. Is k a multiple of 39?
False
Suppose 0 = 4*v - 2*h + 16, 4*v - 3*v - 10 = 4*h. Let n = v + 73. Does 19 divide n?
False
Let c be 7*(-81)/(4 - 1). Let a = c + 288. Does 18 divide a?
False
Is (2/(-3) - (-190)/(-30)) + 301 a multiple of 3?
True
Suppose -3*s + 8264 = -5*r + r, 13770 = 5*s - 5*r. Is s a multiple of 93?
False
Is 35 a factor of 42125/50 - (-6)/4?
False
Let i(k) = 2*k**2 + 18*k - 18. Let t be i(-9). Let p(a) = a**2 + 15*a - 19. Is p(t) a multiple of 6?
False
Suppose 2*j + 41 = h - 0*j, -3*j + 56 = h. Suppose 19*y = 14*y + 5. Suppose -y = -d + h. Is d a multiple of 14?
Fals